{"id":125,"date":"2020-03-14T19:51:14","date_gmt":"2020-03-14T19:51:14","guid":{"rendered":"http:\/\/www.dibujotecnicopasoapaso.com\/?page_id=125"},"modified":"2020-03-14T21:12:29","modified_gmt":"2020-03-14T21:12:29","slug":"operaciones-matematicas-con-segmentos","status":"publish","type":"page","link":"http:\/\/www.dibujotecnicopasoapaso.com\/index.php\/operaciones-matematicas-con-segmentos\/","title":{"rendered":"OPERACIONES MATEM\u00c1TICAS CON SEGMENTOS"},"content":{"rendered":"\n<p> Bienvenidos fan\u00e1ticos del dibujo a esta secci\u00f3n de dibujo t\u00e9cnico paso a paso. En los siguientes ejercicios aprenderemos a realizar diversas operaciones matem\u00e1ticas con segmentos. Espero que os sirva de ayuda. <\/p>\n\n\n\n<h2 class=\"wp-block-heading\">SUMA DE SEGMENTOS<\/h2>\n\n\n\n<figure class=\"wp-block-embed-youtube wp-block-embed is-type-video is-provider-youtube wp-embed-aspect-16-9 wp-has-aspect-ratio\"><div class=\"wp-block-embed__wrapper\">\n<div class='embed-container'><iframe title=\"\ud83d\udd25 Como SUMAR segmentos \ud83c\udfc6 Suma de segmentos con comp\u00e1s en dibujo t\u00e9cnico paso a paso\" width=\"1920\" height=\"1080\" src=\"https:\/\/www.youtube.com\/embed\/iWR0WqVyMMo?feature=oembed\" frameborder=\"0\" allow=\"accelerometer; autoplay; encrypted-media; gyroscope; picture-in-picture\" allowfullscreen><\/iframe><\/div>\n<\/div><\/figure>\n\n\n\n<h2 class=\"wp-block-heading\">RESTA DE SEGMENTOS<\/h2>\n\n\n\n<figure class=\"wp-block-embed-youtube wp-block-embed is-type-video is-provider-youtube wp-embed-aspect-16-9 wp-has-aspect-ratio\"><div class=\"wp-block-embed__wrapper\">\n<div class='embed-container'><iframe title=\"\u2796 Como RESTAR segmentos \u2796 Dibujo t\u00e9cnico paso a paso \ud83d\udc4d Resta de segmentos con comp\u00e1s | Dibujo f\u00e1cil\" width=\"1920\" height=\"1080\" src=\"https:\/\/www.youtube.com\/embed\/xPjdjjLUdyI?feature=oembed\" frameborder=\"0\" allow=\"accelerometer; autoplay; encrypted-media; gyroscope; picture-in-picture\" allowfullscreen><\/iframe><\/div>\n<\/div><\/figure>\n\n\n\n<h2 class=\"wp-block-heading\">MULTIPLICACI\u00d3N DE SEGMENTOS POR UN ESCALAR<\/h2>\n\n\n\n<figure class=\"wp-block-embed-youtube wp-block-embed is-type-video is-provider-youtube wp-embed-aspect-16-9 wp-has-aspect-ratio\"><div class=\"wp-block-embed__wrapper\">\n<div class='embed-container'><iframe title=\"\u2716\ud83d\udccf Multiplicar SEGMENTOS por un N\u00daMERO \ud83d\ude02 Dibujo t\u00e9cnico paso a paso | Trazados fundamentales\" width=\"1920\" height=\"1080\" src=\"https:\/\/www.youtube.com\/embed\/h7jK-9i4Ysg?feature=oembed\" frameborder=\"0\" allow=\"accelerometer; autoplay; encrypted-media; gyroscope; picture-in-picture\" allowfullscreen><\/iframe><\/div>\n<\/div><\/figure>\n\n\n\n<h2 class=\"wp-block-heading\">DIVIDIR UN SEGMENTO EN PARTES IGUALES<\/h2>\n\n\n\n<figure class=\"wp-block-embed-youtube wp-block-embed is-type-video is-provider-youtube wp-embed-aspect-16-9 wp-has-aspect-ratio\"><div class=\"wp-block-embed__wrapper\">\n<div class='embed-container'><iframe title=\"\ud83d\udccf\u2797\ud83d\udccf Como DIVIDIR un segmento en partes IGUALES \ud83d\ude02 Dibujo t\u00e9cnico PASO a PASO | Int\u00e9ntalo dibujo F\u00c1CIL\" width=\"1920\" height=\"1080\" src=\"https:\/\/www.youtube.com\/embed\/b0Ah_VpQQYM?feature=oembed\" frameborder=\"0\" allow=\"accelerometer; autoplay; encrypted-media; gyroscope; picture-in-picture\" allowfullscreen><\/iframe><\/div>\n<\/div><\/figure>\n\n\n\n<h2 class=\"wp-block-heading\">DIVIDIR UN SEGMENTO EN PARTES PROPORCIONALES A LAS DIMENSIONES DE OTROS SEGMENTOS<\/h2>\n\n\n\n<figure class=\"wp-block-embed-youtube wp-block-embed is-type-video is-provider-youtube wp-embed-aspect-16-9 wp-has-aspect-ratio\"><div class=\"wp-block-embed__wrapper\">\n<div class='embed-container'><iframe title=\"\ud83d\udca3\u2797 Dividir un segmento en partes PROPORCIONALES | Teorema de Thales paso a paso\" width=\"1920\" height=\"1080\" src=\"https:\/\/www.youtube.com\/embed\/KRQxoNxSsnE?feature=oembed\" frameborder=\"0\" allow=\"accelerometer; autoplay; encrypted-media; gyroscope; picture-in-picture\" allowfullscreen><\/iframe><\/div>\n<\/div><\/figure>\n\n\n\n<h2 class=\"wp-block-heading\">PRODUCTO DE DOS SEGMENTOS<\/h2>\n\n\n\n<figure class=\"wp-block-embed-youtube wp-block-embed is-type-video is-provider-youtube wp-embed-aspect-16-9 wp-has-aspect-ratio\"><div class=\"wp-block-embed__wrapper\">\n<div class='embed-container'><iframe title=\"\ud83d\udca5\u2716\ud83d\udca5 MULTIPLICAR SEGMENTOS | Operaciones con segmentos Trazados fundamentales en Dibujo t\u00e9cnico\" width=\"1920\" height=\"1080\" src=\"https:\/\/www.youtube.com\/embed\/dx1ZAmgdZek?feature=oembed\" frameborder=\"0\" allow=\"accelerometer; autoplay; encrypted-media; gyroscope; picture-in-picture\" allowfullscreen><\/iframe><\/div>\n<\/div><\/figure>\n\n\n\n<h2 class=\"wp-block-heading\">DIVISI\u00d3N DE DOS SEGMENTOS<\/h2>\n\n\n\n<figure class=\"wp-block-embed-youtube wp-block-embed is-type-video is-provider-youtube wp-embed-aspect-16-9 wp-has-aspect-ratio\"><div class=\"wp-block-embed__wrapper\">\n<div class='embed-container'><iframe title=\"\ud83d\udca5\u2797\ud83d\udca5 Cociente de dos segmentos en Dibujo t\u00e9cnico | Divisi\u00f3n de segmentos en Trazados fundamentales\" width=\"1920\" height=\"1080\" src=\"https:\/\/www.youtube.com\/embed\/HbXts3lHc2g?feature=oembed\" frameborder=\"0\" allow=\"accelerometer; autoplay; encrypted-media; gyroscope; picture-in-picture\" allowfullscreen><\/iframe><\/div>\n<\/div><\/figure>\n\n\n\n<h2 class=\"wp-block-heading\">RAIZ CUADRADA DE DOS SEGMENTOS<\/h2>\n\n\n\n<figure class=\"wp-block-embed-youtube wp-block-embed is-type-video is-provider-youtube wp-embed-aspect-16-9 wp-has-aspect-ratio\"><div class=\"wp-block-embed__wrapper\">\n<div class='embed-container'><iframe title=\"\ud83c\udf33\u2b1b Como DIBUJAR la ra\u00edz cuadrada de un segmento PASO a PASO \ud83d\ude02\" width=\"1920\" height=\"1080\" src=\"https:\/\/www.youtube.com\/embed\/ugIWTNXOBPs?feature=oembed\" frameborder=\"0\" allow=\"accelerometer; autoplay; encrypted-media; gyroscope; picture-in-picture\" allowfullscreen><\/iframe><\/div>\n<\/div><\/figure>\n\n\n\n<h2 class=\"wp-block-heading\">MEDIA PROPORCIONAL DE DOS SEGMENTOS<\/h2>\n\n\n\n<figure class=\"wp-block-embed-youtube wp-block-embed is-type-video is-provider-youtube wp-embed-aspect-16-9 wp-has-aspect-ratio\"><div class=\"wp-block-embed__wrapper\">\n<div class='embed-container'><iframe title=\"\ud83d\ude02 Media proporcional de dos segmentos \ud83d\udca3 Dibujo t\u00e9cnico paso a paso | Trazados fundamentales\" width=\"1920\" height=\"1080\" src=\"https:\/\/www.youtube.com\/embed\/5JxE3fVHYnY?feature=oembed\" frameborder=\"0\" allow=\"accelerometer; autoplay; encrypted-media; gyroscope; picture-in-picture\" allowfullscreen><\/iframe><\/div>\n<\/div><\/figure>\n","protected":false},"excerpt":{"rendered":"<p>Bienvenidos fan\u00e1ticos del dibujo a esta secci\u00f3n de dibujo t\u00e9cnico paso a paso. En los siguientes ejercicios aprenderemos a realizar diversas operaciones matem\u00e1ticas con segmentos. Espero que os sirva de ayuda. SUMA DE SEGMENTOS RESTA DE SEGMENTOS MULTIPLICACI\u00d3N DE SEGMENTOS POR UN ESCALAR DIVIDIR UN SEGMENTO EN PARTES IGUALES DIVIDIR UN SEGMENTO EN PARTES PROPORCIONALES&hellip; <br \/> <a class=\"read-more\" href=\"http:\/\/www.dibujotecnicopasoapaso.com\/index.php\/operaciones-matematicas-con-segmentos\/\">Leer m\u00e1s<\/a><\/p>\n","protected":false},"author":1,"featured_media":0,"parent":0,"menu_order":0,"comment_status":"closed","ping_status":"closed","template":"","meta":{"footnotes":""},"class_list":["post-125","page","type-page","status-publish","hentry"],"_links":{"self":[{"href":"http:\/\/www.dibujotecnicopasoapaso.com\/index.php\/wp-json\/wp\/v2\/pages\/125","targetHints":{"allow":["GET"]}}],"collection":[{"href":"http:\/\/www.dibujotecnicopasoapaso.com\/index.php\/wp-json\/wp\/v2\/pages"}],"about":[{"href":"http:\/\/www.dibujotecnicopasoapaso.com\/index.php\/wp-json\/wp\/v2\/types\/page"}],"author":[{"embeddable":true,"href":"http:\/\/www.dibujotecnicopasoapaso.com\/index.php\/wp-json\/wp\/v2\/users\/1"}],"replies":[{"embeddable":true,"href":"http:\/\/www.dibujotecnicopasoapaso.com\/index.php\/wp-json\/wp\/v2\/comments?post=125"}],"version-history":[{"count":3,"href":"http:\/\/www.dibujotecnicopasoapaso.com\/index.php\/wp-json\/wp\/v2\/pages\/125\/revisions"}],"predecessor-version":[{"id":128,"href":"http:\/\/www.dibujotecnicopasoapaso.com\/index.php\/wp-json\/wp\/v2\/pages\/125\/revisions\/128"}],"wp:attachment":[{"href":"http:\/\/www.dibujotecnicopasoapaso.com\/index.php\/wp-json\/wp\/v2\/media?parent=125"}],"curies":[{"name":"wp","href":"https:\/\/api.w.org\/{rel}","templated":true}]}}