{"id":149,"date":"2020-03-14T21:51:54","date_gmt":"2020-03-14T21:51:54","guid":{"rendered":"http:\/\/www.dibujotecnicopasoapaso.com\/?page_id=149"},"modified":"2020-03-15T08:11:33","modified_gmt":"2020-03-15T08:11:33","slug":"poligonos-regulares-dado-el-lado","status":"publish","type":"page","link":"http:\/\/www.dibujotecnicopasoapaso.com\/index.php\/poligonos-regulares-dado-el-lado\/","title":{"rendered":"POL\u00cdGONOS REGULARES DADO EL LADO"},"content":{"rendered":"\n<p> Bienvenidos fan\u00e1ticos del dibujo a esta secci\u00f3n de dibujo t\u00e9cnico paso a paso. En los siguientes procesos aprenderemos a dibujar pol\u00edgonos regulares dado el lado. Desde el triangulo equil\u00e1tero hasta el dodecaedro incluyendo el m\u00e9todo general. Todo ello con la ayuda de la regla y el comp\u00e1s. Espero que os sirva de ayuda. <\/p>\n\n\n\n<h2 class=\"wp-block-heading\">TRI\u00c1NGULO EQUIL\u00c1TERO DADO EL LADO<\/h2>\n\n\n\n<figure class=\"wp-block-embed-youtube wp-block-embed is-type-video is-provider-youtube wp-embed-aspect-16-9 wp-has-aspect-ratio\"><div class=\"wp-block-embed__wrapper\">\n<div class='embed-container'><iframe title=\"\ud83d\udd3a\ud83d\udd25\ud83d\udd3aConstrucci\u00f3n de un TRI\u00c1NGULO equil\u00e1tero conocido el LADO | Dibujo t\u00e9cnico paso a paso| Muy F\u00e1cil\" width=\"1920\" height=\"1080\" src=\"https:\/\/www.youtube.com\/embed\/IWIlcOEEqrY?feature=oembed\" frameborder=\"0\" allow=\"accelerometer; autoplay; encrypted-media; gyroscope; picture-in-picture\" allowfullscreen><\/iframe><\/div>\n<\/div><\/figure>\n\n\n\n<h2 class=\"wp-block-heading\">CUADRADO DADO EL LADO<\/h2>\n\n\n\n<figure class=\"wp-block-embed-youtube wp-block-embed is-type-video is-provider-youtube wp-embed-aspect-16-9 wp-has-aspect-ratio\"><div class=\"wp-block-embed__wrapper\">\n<div class='embed-container'><iframe title=\"\u2b1b\u2b1c CUADRADO SEG\u00daN LADO \u2b1c\u2b1b Pol\u00edgonos regulares | Dibujo t\u00e9cnico paso a paso\" width=\"1920\" height=\"1080\" src=\"https:\/\/www.youtube.com\/embed\/kIIGXNp6XCQ?feature=oembed\" frameborder=\"0\" allow=\"accelerometer; autoplay; encrypted-media; gyroscope; picture-in-picture\" allowfullscreen><\/iframe><\/div>\n<\/div><\/figure>\n\n\n\n<h2 class=\"wp-block-heading\">PENT\u00c1GONO REGULAR DADO EL LADO<\/h2>\n\n\n\n<figure class=\"wp-block-embed-youtube wp-block-embed is-type-video is-provider-youtube wp-embed-aspect-16-9 wp-has-aspect-ratio\"><div class=\"wp-block-embed__wrapper\">\n<div class='embed-container'><iframe title=\"\ud83d\ude80 Como construir un PENT\u00c1GONO dado el LADO \ud83d\ude31 Pent\u00e1gono regular seg\u00fan el lado paso a paso\" width=\"1920\" height=\"1080\" src=\"https:\/\/www.youtube.com\/embed\/eZRRjaC3Jco?feature=oembed\" frameborder=\"0\" allow=\"accelerometer; autoplay; encrypted-media; gyroscope; picture-in-picture\" allowfullscreen><\/iframe><\/div>\n<\/div><\/figure>\n\n\n\n<h2 class=\"wp-block-heading\">HEX\u00c1GONO REGULAR DADO EL LADO<\/h2>\n\n\n\n<figure class=\"wp-block-embed-youtube wp-block-embed is-type-video is-provider-youtube wp-embed-aspect-16-9 wp-has-aspect-ratio\"><div class=\"wp-block-embed__wrapper\">\n<div class='embed-container'><iframe title=\"\ud83d\udc4d Como dibujar un HEX\u00c1GONO regular seg\u00fan el LADO paso a paso \ud83d\ude80 Dibujo T\u00c9CNICO f\u00e1cil y sencillo\" width=\"1920\" height=\"1080\" src=\"https:\/\/www.youtube.com\/embed\/dTJNj92QIVo?feature=oembed\" frameborder=\"0\" allow=\"accelerometer; autoplay; encrypted-media; gyroscope; picture-in-picture\" allowfullscreen><\/iframe><\/div>\n<\/div><\/figure>\n\n\n\n<h2 class=\"wp-block-heading\">HEPT\u00c1GONO REGULAR DADO EL LADO<\/h2>\n\n\n\n<figure class=\"wp-block-embed-youtube wp-block-embed is-type-video is-provider-youtube wp-embed-aspect-16-9 wp-has-aspect-ratio\"><div class=\"wp-block-embed__wrapper\">\n<div class='embed-container'><iframe title=\"\u2705 Como construir un HEPT\u00c1GONO dado el LADO \ud83c\udfc6 Pol\u00edgonos seg\u00fan el lado | Dibujo t\u00e9cnico paso a paso\" width=\"1920\" height=\"1080\" src=\"https:\/\/www.youtube.com\/embed\/bWCiUl2Fi7s?feature=oembed\" frameborder=\"0\" allow=\"accelerometer; autoplay; encrypted-media; gyroscope; picture-in-picture\" allowfullscreen><\/iframe><\/div>\n<\/div><\/figure>\n\n\n\n<h2 class=\"wp-block-heading\">OCT\u00d3GONO REGULAR DADO EL LADO<\/h2>\n\n\n\n<figure class=\"wp-block-embed-youtube wp-block-embed is-type-video is-provider-youtube wp-embed-aspect-16-9 wp-has-aspect-ratio\"><div class=\"wp-block-embed__wrapper\">\n<div class='embed-container'><iframe title=\"\ud83d\uded1 Como dibujar un OCT\u00d3GONO a partir de un lado paso a paso \ud83d\uded1 Dibujo t\u00e9cnico\" width=\"1920\" height=\"1080\" src=\"https:\/\/www.youtube.com\/embed\/IolVsdF_P5g?feature=oembed\" frameborder=\"0\" allow=\"accelerometer; autoplay; encrypted-media; gyroscope; picture-in-picture\" allowfullscreen><\/iframe><\/div>\n<\/div><\/figure>\n\n\n\n<h2 class=\"wp-block-heading\">ENE\u00c1GONO REGULAR DADO EL LADO<\/h2>\n\n\n\n<figure class=\"wp-block-embed-youtube wp-block-embed is-type-video is-provider-youtube wp-embed-aspect-16-9 wp-has-aspect-ratio\"><div class=\"wp-block-embed__wrapper\">\n<div class='embed-container'><iframe title=\"\u2705 ENE\u00c1GONO regular a partir del LADO \ud83d\udd25 Dibujo t\u00e9cnico paso a paso | Pol\u00edgonos seg\u00fan el lado\" width=\"1920\" height=\"1080\" src=\"https:\/\/www.youtube.com\/embed\/DQrEwjqK1Hk?feature=oembed\" frameborder=\"0\" allow=\"accelerometer; autoplay; encrypted-media; gyroscope; picture-in-picture\" allowfullscreen><\/iframe><\/div>\n<\/div><\/figure>\n\n\n\n<h2 class=\"wp-block-heading\">M\u00c9TODO GENERAL DADO EL LADO<\/h2>\n\n\n\n<figure class=\"wp-block-embed-youtube wp-block-embed is-type-video is-provider-youtube wp-embed-aspect-16-9 wp-has-aspect-ratio\"><div class=\"wp-block-embed__wrapper\">\n<div class='embed-container'><iframe title=\"\ud83d\udc4d\ud83d\ude0e M\u00e9todo GENERAL de construcci\u00f3n de pol\u00edgonos dado el LADO\" width=\"1920\" height=\"1080\" src=\"https:\/\/www.youtube.com\/embed\/Yys-HwcieJ0?feature=oembed\" frameborder=\"0\" allow=\"accelerometer; autoplay; encrypted-media; gyroscope; picture-in-picture\" allowfullscreen><\/iframe><\/div>\n<\/div><\/figure>\n","protected":false},"excerpt":{"rendered":"<p>Bienvenidos fan\u00e1ticos del dibujo a esta secci\u00f3n de dibujo t\u00e9cnico paso a paso. En los siguientes procesos aprenderemos a dibujar pol\u00edgonos regulares dado el lado. Desde el triangulo equil\u00e1tero hasta el dodecaedro incluyendo el m\u00e9todo general. Todo ello con la ayuda de la regla y el comp\u00e1s. Espero que os sirva de ayuda. TRI\u00c1NGULO EQUIL\u00c1TERO&hellip; <br \/> <a class=\"read-more\" href=\"http:\/\/www.dibujotecnicopasoapaso.com\/index.php\/poligonos-regulares-dado-el-lado\/\">Leer m\u00e1s<\/a><\/p>\n","protected":false},"author":1,"featured_media":0,"parent":0,"menu_order":0,"comment_status":"closed","ping_status":"closed","template":"","meta":{"footnotes":""},"class_list":["post-149","page","type-page","status-publish","hentry"],"_links":{"self":[{"href":"http:\/\/www.dibujotecnicopasoapaso.com\/index.php\/wp-json\/wp\/v2\/pages\/149","targetHints":{"allow":["GET"]}}],"collection":[{"href":"http:\/\/www.dibujotecnicopasoapaso.com\/index.php\/wp-json\/wp\/v2\/pages"}],"about":[{"href":"http:\/\/www.dibujotecnicopasoapaso.com\/index.php\/wp-json\/wp\/v2\/types\/page"}],"author":[{"embeddable":true,"href":"http:\/\/www.dibujotecnicopasoapaso.com\/index.php\/wp-json\/wp\/v2\/users\/1"}],"replies":[{"embeddable":true,"href":"http:\/\/www.dibujotecnicopasoapaso.com\/index.php\/wp-json\/wp\/v2\/comments?post=149"}],"version-history":[{"count":3,"href":"http:\/\/www.dibujotecnicopasoapaso.com\/index.php\/wp-json\/wp\/v2\/pages\/149\/revisions"}],"predecessor-version":[{"id":167,"href":"http:\/\/www.dibujotecnicopasoapaso.com\/index.php\/wp-json\/wp\/v2\/pages\/149\/revisions\/167"}],"wp:attachment":[{"href":"http:\/\/www.dibujotecnicopasoapaso.com\/index.php\/wp-json\/wp\/v2\/media?parent=149"}],"curies":[{"name":"wp","href":"https:\/\/api.w.org\/{rel}","templated":true}]}}