{"id":216,"date":"2020-03-15T15:42:25","date_gmt":"2020-03-15T15:42:25","guid":{"rendered":"http:\/\/www.dibujotecnicopasoapaso.com\/?page_id=216"},"modified":"2020-05-26T09:40:21","modified_gmt":"2020-05-26T09:40:21","slug":"recta-de-maxima-pendiente-y-maxima-inclinacion","status":"publish","type":"page","link":"http:\/\/www.dibujotecnicopasoapaso.com\/index.php\/recta-de-maxima-pendiente-y-maxima-inclinacion\/","title":{"rendered":"INTERSECCIONES"},"content":{"rendered":"\n<p> Bienvenidos fan\u00e1ticos del dibujo a esta nueva secci\u00f3n de dibujo t\u00e9cnico paso a paso. En los siguientes ejercicios aprenderemos a realizar las diferentes intersecciones entre los distintos elementos rectas y planos.Espero que os sirva de ayuda. <\/p>\n\n\n\n<h3 class=\"wp-block-heading\">INTERSECCI\u00d3N ENTRE DOS PLANOS<\/h3>\n\n\n\n<figure class=\"wp-block-embed-youtube wp-block-embed is-type-video is-provider-youtube wp-embed-aspect-16-9 wp-has-aspect-ratio\"><div class=\"wp-block-embed__wrapper\">\n<div class='embed-container'><iframe title=\"\u26a1 Intersecci\u00f3n de dos PLANOS \u26a1 Intersecciones en diedrico | intersecci\u00f3n entre 2 planos\" width=\"1920\" height=\"1080\" src=\"https:\/\/www.youtube.com\/embed\/miRGQ1QTeEo?feature=oembed\" frameborder=\"0\" allow=\"accelerometer; autoplay; encrypted-media; gyroscope; picture-in-picture\" allowfullscreen><\/iframe><\/div>\n<\/div><\/figure>\n\n\n\n<h3 class=\"wp-block-heading\">INTERSECCI\u00d3N ENTRE TRES PLANOS<\/h3>\n\n\n\n<figure class=\"wp-block-embed-youtube wp-block-embed is-type-video is-provider-youtube wp-embed-aspect-16-9 wp-has-aspect-ratio\"><div class=\"wp-block-embed__wrapper\">\n<div class='embed-container'><iframe title=\"\ud83d\udd30 INTERSECCI\u00d3N de TRES planos en DI\u00c9DRICO \ud83d\udd30 Punto como intersecci\u00f3n de 3 planos\" width=\"1920\" height=\"1080\" src=\"https:\/\/www.youtube.com\/embed\/XAI54nvY6eA?feature=oembed\" frameborder=\"0\" allow=\"accelerometer; autoplay; encrypted-media; gyroscope; picture-in-picture\" allowfullscreen><\/iframe><\/div>\n<\/div><\/figure>\n\n\n\n<h3 class=\"wp-block-heading\">INTERSECCI\u00d3N RECTA PLANO OBLICUO<\/h3>\n\n\n\n<figure class=\"wp-block-embed-youtube wp-block-embed is-type-video is-provider-youtube wp-embed-aspect-16-9 wp-has-aspect-ratio\"><div class=\"wp-block-embed__wrapper\">\n<div class='embed-container'><iframe title=\"\ud83d\udcaa\u2694 INTERSECCI\u00d3N entre RECTA y PLANO en DI\u00c9DRICO \ud83d\ude0e Ejercicios resueltos\" width=\"1920\" height=\"1080\" src=\"https:\/\/www.youtube.com\/embed\/tGaP3HYV_iA?feature=oembed\" frameborder=\"0\" allow=\"accelerometer; autoplay; encrypted-media; gyroscope; picture-in-picture\" allowfullscreen><\/iframe><\/div>\n<\/div><\/figure>\n\n\n\n<h3 class=\"wp-block-heading\">INTERSECCI\u00d3N RECTA BISECTORES (M\u00c9TODO 1)<\/h3>\n\n\n\n<figure class=\"wp-block-embed-youtube wp-block-embed is-type-video is-provider-youtube wp-embed-aspect-16-9 wp-has-aspect-ratio\"><div class=\"wp-block-embed__wrapper\">\n<div class='embed-container'><iframe title=\"\u2694 Intersecci\u00f3n de una RECTA con el primer y el segundo BISECTOR \u2694\" width=\"1920\" height=\"1080\" src=\"https:\/\/www.youtube.com\/embed\/Sjp5_TOabp0?feature=oembed\" frameborder=\"0\" allow=\"accelerometer; autoplay; encrypted-media; gyroscope; picture-in-picture\" allowfullscreen><\/iframe><\/div>\n<\/div><\/figure>\n\n\n\n<h3 class=\"wp-block-heading\">INTERSECCI\u00d3N RECTA BISECTORES (M\u00c9TODO 2)<\/h3>\n\n\n\n<figure class=\"wp-block-embed-youtube wp-block-embed is-type-video is-provider-youtube wp-embed-aspect-16-9 wp-has-aspect-ratio\"><div class=\"wp-block-embed__wrapper\">\n<div class='embed-container'><iframe title=\"\ud83d\ude0e\ud83d\ude0e Intersecci\u00f3n RECTA BISECTOR \u2694 Intersecci\u00f3n con planos bisectores\" width=\"1920\" height=\"1080\" src=\"https:\/\/www.youtube.com\/embed\/ZcnmiKf5q_k?feature=oembed\" frameborder=\"0\" allow=\"accelerometer; autoplay; encrypted-media; gyroscope; picture-in-picture\" allowfullscreen><\/iframe><\/div>\n<\/div><\/figure>\n","protected":false},"excerpt":{"rendered":"<p>Bienvenidos fan\u00e1ticos del dibujo a esta nueva secci\u00f3n de dibujo t\u00e9cnico paso a paso. En los siguientes ejercicios aprenderemos a realizar las diferentes intersecciones entre los distintos elementos rectas y planos.Espero que os sirva de ayuda. INTERSECCI\u00d3N ENTRE DOS PLANOS INTERSECCI\u00d3N ENTRE TRES PLANOS INTERSECCI\u00d3N RECTA PLANO OBLICUO INTERSECCI\u00d3N RECTA BISECTORES (M\u00c9TODO 1) INTERSECCI\u00d3N RECTA&hellip; <br \/> <a class=\"read-more\" href=\"http:\/\/www.dibujotecnicopasoapaso.com\/index.php\/recta-de-maxima-pendiente-y-maxima-inclinacion\/\">Leer m\u00e1s<\/a><\/p>\n","protected":false},"author":1,"featured_media":0,"parent":0,"menu_order":0,"comment_status":"closed","ping_status":"closed","template":"","meta":{"footnotes":""},"class_list":["post-216","page","type-page","status-publish","hentry"],"_links":{"self":[{"href":"http:\/\/www.dibujotecnicopasoapaso.com\/index.php\/wp-json\/wp\/v2\/pages\/216","targetHints":{"allow":["GET"]}}],"collection":[{"href":"http:\/\/www.dibujotecnicopasoapaso.com\/index.php\/wp-json\/wp\/v2\/pages"}],"about":[{"href":"http:\/\/www.dibujotecnicopasoapaso.com\/index.php\/wp-json\/wp\/v2\/types\/page"}],"author":[{"embeddable":true,"href":"http:\/\/www.dibujotecnicopasoapaso.com\/index.php\/wp-json\/wp\/v2\/users\/1"}],"replies":[{"embeddable":true,"href":"http:\/\/www.dibujotecnicopasoapaso.com\/index.php\/wp-json\/wp\/v2\/comments?post=216"}],"version-history":[{"count":3,"href":"http:\/\/www.dibujotecnicopasoapaso.com\/index.php\/wp-json\/wp\/v2\/pages\/216\/revisions"}],"predecessor-version":[{"id":353,"href":"http:\/\/www.dibujotecnicopasoapaso.com\/index.php\/wp-json\/wp\/v2\/pages\/216\/revisions\/353"}],"wp:attachment":[{"href":"http:\/\/www.dibujotecnicopasoapaso.com\/index.php\/wp-json\/wp\/v2\/media?parent=216"}],"curies":[{"name":"wp","href":"https:\/\/api.w.org\/{rel}","templated":true}]}}